4
Suppose -12*w = -17*w + 500. What is the greatest common divisor of 10 and w?
10
Let v(d) = -2*d**2 - 14*d + 3. Let j be v(-6). What is the highest common factor of j and 75?
15
Let l(u) = u**3 + 4*u**2 - 3*u. Let s be l(2). Suppose -4*o + 14 - 6 = 0. Calculate the highest common factor of s and o.
2
Let u(f) = f**2 + 2*f - 4. Let w be u(-4). Suppose w*p + 63 = -53. Let z be 6/(-12) + p/(-2). What is the highest common factor of 2 and z?
2
Let w(q) = -8*q + 2. Let k be w(-2). Calculate the highest common factor of 2 and k.
2
Let d(k) = -k**3 - 7*k**2 - 6*k + 3. Let q be d(-6). Let g be (-1 - 3/q)*-4. What is the greatest common divisor of g and 72?
8
Suppose 0 = 3*z - 3*h - 24, 2*z = -4*h - h + 51. What is the greatest common factor of z and 65?
13
Let v be 15/(1 - -4) + 6. Calculate the highest common factor of v and 12.
3
Let q be 2517/(-27) + (-2)/(-9). Let s = 273 + q. Calculate the greatest common factor of s and 20.
20
Let c = 94 - 62. Calculate the highest common divisor of 8 and c.
8
Suppose 0 = 3*a + 2*v - 20, v = 2*a - 2*v + 4. Suppose -a*u + 6 = -3*u. Calculate the greatest common factor of u and 6.
6
Let w be 5*-1*(218/(-10) - -5). Calculate the greatest common divisor of w and 126.
42
Suppose 3*z + 19 = k - 0*z, 0 = k - z - 11. What is the greatest common factor of 7 and k?
7
Let j = -11 + 11. Let x be (4 + j + -12)/(-1). What is the greatest common divisor of x and 4?
4
Let r be (4/(-6))/((-7)/147). Let w be (r/(-4) + -1)*-2. Let k = -6 + w. What is the greatest common divisor of 3 and k?
3
Suppose -w = 4*o - 20, 2*w + 4*o - 5*o - 22 = 0. Calculate the greatest common divisor of 4 and w.
4
Let s = 23 - 13. Calculate the highest common divisor of s and 110.
10
Let t = -34 + 54. Let z(g) = -g**3 - 5*g**2 + 3*g + 2. Let k be z(-6). Calculate the greatest common factor of k and t.
20
Let t(i) = -10*i**2 + 6*i + 15. Let c(m) = 3*m**2 - 2*m - 5. Let y(k) = 7*c(k) + 2*t(k). Let r be y(-8). What is the highest common divisor of 50 and r?
25
Let j = 14 + 6. Suppose j = -l - l. Let n be (-2)/l + 396/20. Calculate the greatest common divisor of 60 and n.
20
Suppose 6*b - 4*b - 112 = 0. What is the highest common divisor of 28 and b?
28
Suppose -x = 5*y + 293, -y - x = -0*y + 57. Let d = y + 171. Calculate the highest common factor of d and 16.
16
Suppose -5*k - 13*j = -11*j, -2*k + 14 = -2*j. Let r = -1 + 7. Calculate the greatest common divisor of k and r.
2
Let w(v) = -v**2 - 12*v - 4. Let j be w(-10). What is the greatest common factor of j and 16?
16
Let g be (2 - 2)/3*-1. Let o = g + 12. Calculate the highest common divisor of 132 and o.
12
Let b(y) = -5*y - 1. Let r be 4/(-10)*(6 - 1). Let q be b(r). Suppose -11*i = -17*i + 162. What is the greatest common divisor of i and q?
9
Let r(z) = z**3 + 12*z**2 + 12*z - 3. Let a be r(-9). Suppose -3*h = -h - a. Calculate the greatest common factor of h and 6.
6
Let l(j) = 13*j**2 + 2*j + 1. Let p be ((-2)/(-3))/((-2)/3). Let z be l(p). Let m = -148 - -232. Calculate the highest common divisor of m and z.
12
Let v = 12 + -9. Let q = 6 - -3. Suppose 3*f - v*u - 37 = 38, -f - 3*u = -q. What is the highest common divisor of 3 and f?
3
Suppose 2*y = -40 + 88. Let m(k) = 5*k + 1. Let t be m(7). What is the greatest common divisor of t and y?
12
Suppose 4*j - 2*j + 238 = 0. Let w = 181 + -2. Let u = j + w. What is the greatest common factor of u and 12?
12
Suppose -2*w = -3*w + 2. Suppose -17 - 12 = -w*i - q, 3*i = -q + 46. What is the highest common divisor of 187 and i?
17
Suppose -15*b = -11*b - 192. What is the highest common divisor of 6 and b?
6
Let x be 0/1*1/3. Let f = x - -4. Let a be 63/(-27)*(1 - f). What is the greatest common factor of a and 7?
7
Let q(t) = 3*t + 8. Let c be q(2). Calculate the highest common factor of 126 and c.
14
Suppose 2*x + 0*x = 0. Suppose v - 15 - 18 = x. Calculate the highest common divisor of v and 3.
3
Suppose 0 = -5*u - 4 + 129. What is the highest common factor of 100 and u?
25
Let m be 3/(-2)*(-2)/(-3). Let f be (1 + 14)/((-1)/m). Calculate the highest common divisor of f and 6.
3
Suppose -3*b + 17 + 1 = 0. Calculate the greatest common factor of 66 and b.
6
Suppose 45 = i + 4*y, -3*i - 5*y + 0*y + 114 = 0. What is the highest common factor of i and 165?
33
Let r = -18 - -66. What is the highest common factor of 32 and r?
16
Suppose 19 = 6*u - 4*u + 5*j, 4*u - 44 = -4*j. Let w be (18 + 0)/(18/u). Calculate the greatest common divisor of w and 108.
12
Suppose 0 = 4*c - 7 - 17. Suppose -28 = -5*i + 272. Calculate the highest common divisor of c and i.
6
Suppose 0 = 3*v - 2*v + 2*h - 16, -5*v - 3*h = -52. Suppose 49 = -5*n - 21. Let x be 6/((-3)/1) - n. Calculate the greatest common factor of x and v.
4
Let f = 35 - 14. Calculate the highest common factor of f and 7.
7
Let h = 9 + 0. Let s(t) be the second derivative of -t**5/20 + t**4/6 + t**3/3 + 2*t**2 + 2*t. Let z be s(3). What is the highest common divisor of z and h?
1
Let n be 1*12 + 3 - 3. Suppose -4*i + 0*i + n = 0. Calculate the highest common factor of i and 3.
3
Let l(g) = -g**2 - 6*g - 5. Let k be l(-4). Let h = k - -2. Suppose -36 = x - 6*x + 2*d, -3*x - h*d + 34 = 0. What is the greatest common factor of x and 16?
8
Suppose -g + 2*g - 3 = 0. Suppose 3*h + 54 = 3*u, -2*h = g*h + 20. Suppose 95 = c + i, -4*c + 3*i - 89 = -5*c. What is the greatest common divisor of c and u?
14
Let f be (-6)/(-8)*(4 - 0). Suppose 0 = f*o + 15 - 6. Let v be 4 + 2 + o - -6. What is the greatest common factor of 90 and v?
9
Let z = 19 - 13. Calculate the highest common factor of 48 and z.
6
Suppose -35 = -5*n - 5*m, -3*n + 14 + 9 = m. Calculate the highest common divisor of 8 and n.
8
Let j(x) = -x**2 - 6*x - 1. Let v be j(-4). Suppose 3*r + v + 2 = 0, -5*r = 4*f - 141. Calculate the greatest common divisor of 26 and f.
13
Let v(f) = 2*f + 6. Let o be v(0). What is the highest common factor of o and 15?
3
Let u be 6 - (-3 + (-3 - -9)). Let l be (-3 - -30)/u + 3. Let z(g) = -24*g. Let k be z(-4). What is the highest common divisor of l and k?
12
Let d(o) = 10 + 0*o + 4*o - 5*o. Suppose 0 = -n + b + 5, -3*n + 2*b + 0*b + 17 = 0. Let f be d(n). Calculate the highest common divisor of 12 and f.
3
Let t = 11 + 29. What is the greatest common factor of t and 16?
8
Suppose 10 + 8 = 3*w. What is the highest common factor of w and 18?
6
Suppose -14 = 5*y - 104. Let c be (0 + -9)/(10/(-30)). Calculate the highest common divisor of c and y.
9
Let g be (3/9)/(2/66). Suppose -79 - 361 = -5*p. What is the greatest common factor of g and p?
11
Suppose -26 = -4*w - 6. Suppose w*g - 4 = 1. Suppose 10 = -2*k + 4*h, -2*k - h - 2*h = -11. What is the greatest common divisor of g and k?
1
Let s be (-66)/8*((-4)/(-12) - 3). What is the greatest common factor of 286 and s?
22
Let c = 266 + -170. Let x be 14/1 - (3 + -1). Calculate the highest common divisor of c and x.
12
Suppose 9*o - 40 = 23. Calculate the highest common factor of o and 77.
7
Let a(g) = g**2 + 3*g - 3. Let s(n) = n**2 + 2*n - 2. Let i(o) = -3*a(o) + 5*s(o). Let x be i(1). What is the greatest common factor of x and 16?
2
Let k be 3692/9 + 8/(-36). Suppose -k = -5*c + 2*w + 3*w, -3*c = 2*w - 236. Calculate the greatest common factor of c and 10.
10
Let m(q) = -q - 8. Let d be m(-6). Let g be d*8*1/(-2). Calculate the greatest common factor of g and 64.
8
Let v = -91 - -64. Let b be 14/3*v/(-6). Calculate the highest common factor of 21 and b.
21
Suppose c + 2*c = 21. Let q = 8 - 14. Let a(f) = f**2 + 2*f + 4. Let i be a(q). What is the greatest common factor of c and i?
7
Let l(w) = -53*w**3 + w**2 + 3*w + 3. Let s be l(-1). Let r(b) = -b**3 - 3*b**2 + 7*b + 3. Let g be r(-5). What is the greatest common divisor of s and g?
18
Let n be -6*(2 - 14/6). Suppose -5*y + 5*i = 5, -2*i - 26 + 4 = n*y. Let p be (y/15)/(1/(-25)). What is the highest common factor of 80 and p?
10
Suppose -4*c - 80 = -6*c. Calculate the highest common factor of 16 and c.
8
Let o(w) = w**2 + 10*w + 19. Let t be o(-8). What is the greatest common divisor of t and 33?
3
Let z be 0 - (-1 + 1 - 1). Let m = -1 + 8. Calculate the greatest common divisor of m and z.
1
Let m(l) = -3*l - 5. Let w be (-4 - -2)/2 + -6. Let t be m(w). Calculate the highest common divisor of t and 128.
16
Let t(c) = c**3 +